e ((-19)/(-3))/((-1)/3). Let i = -13 - z. Suppose n - i = -n. What are the prime factors of n?
3
Let p(b) = -15*b + 1. Let g be p(-2). Let n = g + -16. List the prime factors of n.
3, 5
Suppose -3*c = -2*c. Suppose -3*v = -c*v - 30. What are the prime factors of v?
2, 5
Let a(q) = -q**2 - 8*q + 11. Let b be a(-9). Suppose -b*f + 30 = 2*s, -5*s - 6 = -21. What are the prime factors of f?
2, 3
Let f(q) = 4*q**2 - 3*q - 3. Let a be f(3). Let w = a + -11. What are the prime factors of w?
13
Suppose -5*n + 33 = -4*q - 78, -92 = -4*n + 4*q. List the prime factors of n.
19
Suppose f + i + 3*i = 23, -107 = -4*f - i. Let g = 50 - f. List the prime factors of g.
23
Suppose 0*u - 5*v - 28 = -4*u, -2*v = u + 6. Suppose -7 - 21 = -u*n. Let l = n - 6. List the prime factors of l.
2
Let v = 426 - 126. List the prime factors of v.
2, 3, 5
Let r(y) = 8*y + 17. What are the prime factors of r(3)?
41
Let n(q) = -25*q**3 - 2*q**2 - 3*q - 2. Let c be n(-1). Let s = 8 + c. What are the prime factors of s?
2
Suppose 5*u + 2 = -28. Suppose 4*b + 5*y - 16 = 0, 0*b - 2*b + 8 = -y. Let k = b - u. List the prime factors of k.
2, 5
Suppose 2*a = 3*a. Suppose a - 23 = -d. List the prime factors of d.
23
Let w = 20 + -6. List the prime factors of w/(-56) - 213/(-4).
53
Let g(x) = x**2 - 1. Suppose 0 = -3*l + 4 - 1. Let d be g(l). Suppose 5*k - k + 5*p = 77, 4*p - 20 = d. What are the prime factors of k?
13
Suppose -5*i + 6 = -4. Suppose i = 3*m - 19. Suppose 0 = 3*l - 2 - m. What are the prime factors of l?
3
Let k = 69 + -27. What are the prime factors of k?
2, 3, 7
Suppose -3 + 11 = -4*t. What are the prime factors of t/((-3)/(-9)*-1)?
2, 3
Suppose 2*z - t - 7 = 0, 2 = -3*z + 5*z + 4*t. Suppose 0 = u - z, 77 = 5*d + u - 2*u. List the prime factors of d.
2
Let n = -70 - -100. Let p = n + -13. What are the prime factors of p?
17
Let n(u) be the first derivative of 3*u - 4*u + 1 - u**2 + 0*u**2. What are the prime factors of n(-7)?
13
Let m(n) = -2*n**2 + 2*n - 2. Let x be m(-3). Let k = -9 - 5. Let t = k - x. List the prime factors of t.
2, 3
List the prime factors of (-1315)/(-20) + (-6)/8.
5, 13
Suppose -17*v = -12*v + 135. Let u(l) = 2*l + 7. Let f be u(-6). Let x = f - v. List the prime factors of x.
2, 11
Let a = 2 + 0. Suppose a*d + 0*d = m - 1, d - 10 = -m. Suppose 4*w - m = 13. List the prime factors of w.
5
Suppose -3*f = 2*h + 2, -8 = f + 3*h - 6*h. Let i be 4/6*6/f. Let d = i + 9. List the prime factors of d.
7
List the prime factors of (17 + 791)*2/8.
2, 101
Suppose -5*j - b + 156 + 48 = 0, 4*j - 3*b = 148. What are the prime factors of j?
2, 5
Let n(a) = -5*a - 10. Let i be n(-6). Suppose -i = -t + 36. List the prime factors of t.
2, 7
Let n be ((-1)/(-2) - 2)*-38. Let s(i) = 12*i**2 - n + 57. What are the prime factors of s(1)?
2, 3
Suppose 4*f - 23 = 45. Let q = -8 + f. List the prime factors of q.
3
Let n(z) = 2*z - 5. Suppose u + 0*u = 5. List the prime factors of n(u).
5
Let v(m) = 1 + 3*m + 4 + 3*m - m**2. Let q be 1/(3 + (-34)/12). What are the prime factors of v(q)?
5
Let j = 9 + 11. Let l = 29 - j. List the prime factors of l.
3
Let k(g) = -3*g**3 - 3*g**2 + 2*g - 1. Let l = -11 - -8. List the prime factors of k(l).
47
Let d = -1 + 4. Suppose m + 3*p - 34 = 0, 0 = d*m - 2*p + p - 62. What are the prime factors of m?
2, 11
Let a be (-6 + 3)*-1 - 3. Suppose b - 5*b + 40 = a. List the prime factors of b.
2, 5
Suppose 2*r + 200 = 6*r. Let p = r - 25. List the prime factors of p.
5
List the prime factors of 51/5 + 3/(-15).
2, 5
Let t(u) = -2*u + u - 14*u**3 + 3*u**3 - 2*u**3 - 2*u**2. What are the prime factors of t(-1)?
2, 3
Let t(s) = -3*s**3 - s. Let r be t(-1). Suppose r = v - 17. List the prime factors of v.
3, 7
Let p(z) = 13*z**2 + 2*z + 1. Let b = -18 - -17. List the prime factors of p(b).
2, 3
Suppose 4*b - 78 = -3*j - 2*j, -3*b = j - 64. Suppose -b = -0*p - p. What are the prime factors of p?
2, 11
Suppose 0*w - w = -24. Suppose -2*k - 15 = -3*k. Suppose -3*s = -k - w. List the prime factors of s.
13
Let o = 80 + -40. What are the prime factors of o?
2, 5
What are the prime factors of 2*2 + (4 + 1 - -82)?
7, 13
Suppose 0 = -2*q + 5*q - 57. What are the prime factors of q?
19
Suppose -5*h + 216 - 63 = 3*t, -3*t = -h - 171. List the prime factors of t.
2, 7
Let p be (-2 + (-2)/(-1))/2. Let w = 1 + p. Let g(q) = 6*q**3 - q**2 + 2*q - 1. List the prime factors of g(w).
2, 3
Let s(z) = -2*z**3 - 8*z**2 - 8*z + 1. Let o be s(-6). Suppose 5*u = o - 78. List the prime factors of u.
23
Let v(q) = -q**3 + q**2 + q + 5. What are the prime factors of v(-3)?
2, 19
Suppose 0 = 2*p + 46 + 4. Let n = 39 + p. What are the prime factors of n?
2, 7
Let o(c) = -9 + 1 + c - 9 + c. What are the prime factors of o(13)?
3
Suppose 0 = -2*m - 3*m. Let a(c) = 20*c**2 + 2*c. Let p be a(2). Suppose -4*x + p - 16 = m. List the prime factors of x.
17
Suppose -5*h = 4*r - 67 + 15, 44 = 4*r + 3*h. List the prime factors of r.
2
Suppose 5*j - 2*j - 129 = 0. Suppose -h - d + j = 0, 5*h + 4*d + 136 - 352 = 0. What are the prime factors of h?
2, 11
Let z(b) = b**3 + 7*b**2 + 6*b + 5. What are the prime factors of z(-5)?
5
Let b be (8/5)/((-10)/(-25)). List the prime factors of (-10)/4*(b + -6).
5
Let p be (30/12)/(1/48). Suppose -3*v + 0*v + p = 0. What are the prime factors of v?
2, 5
Let x be -1 - -2 - 1/1. Suppose -h - 10 = -x*h + 5*d, -h = 3*d + 4. What are the prime factors of h?
5
Suppose 5*u + 15 - 180 = 0. List the prime factors of u.
3, 11
Suppose r - 285 = -5*m - 2*r, 2*m - 5*r = 83. List the prime factors of m.
2, 3
Let u = 15 - 11. Suppose -4*r = u*l - 16, 6*l - l - 20 = -2*r. Suppose r = 3*q - 3, -31 = 5*n - q - 110. What are the prime factors of n?
2
Suppose -4459 = -3*r - 10*r. List the prime factors of r.
7
Let l be (22/(-5))/((-4)/40). Suppose l = 6*u - 2*u. What are the prime factors of u?
11
List the prime factors of -3 - (12/12)/(2/(-334)).
2, 41
Let k = 0 - -4. Suppose 5*w = k + 6. Suppose 0 = 2*c + w*c + 8, 0 = g - c - 5. List the prime factors of g.
3
Suppose 3*p = 4*z - 91, 2*z = z - 2*p + 9. List the prime factors of z.
19
Let k be -5*1/(0 - 1). Suppose 2*l + l - 80 = k*w, 0 = -l - w + 40. What are the prime factors of l?
5, 7
What are the prime factors of 62/3*1*9?
2, 3, 31
Suppose 3*z + k = 139, 0 = -8*k + 3*k + 20. List the prime factors of z.
3, 5
Suppose -p - 5 = 4. Let n(y) = -3*y - 3. What are the prime factors of n(p)?
2, 3
Suppose 0 = 10*h - 99 - 251. List the prime factors of h.
5, 7
Let p = -7 - -12. Let j(c) = -c**3 - 4*c**2 + 4. Let z be j(-4). Suppose p*u - 4*o = 17, 0*u = 2*u + z*o - 18. List the prime factors of u.
5
What are the prime factors of (-12)/3 - (-22)/1?
2, 3
Let q = 35 - 23. List the prime factors of (8/q)/(2/18).
2, 3
Let c(b) = b**2 - 1. Let n be c(-2). Let q = 0 + n. Suppose 5*r - 4*f - 44 = 0, -72 = -r - 4*r - q*f. What are the prime factors of r?
2, 3
Let t(p) = p**3 + 12*p**2 - 4*p - 15. What are the prime factors of t(-12)?
3, 11
Let v be 2 - (0 - (1 + -3)). Let x(p) = p + 3. Let g be x(v). Suppose -2*q - 4 = -3*w + 9, 2*w = -g*q. List the prime factors of w.
3
Suppose -b = 5*x - 20, -11 = 3*b - x + 9. Let h(d) be the second derivative of d**4/6 + 7*d**3/6 - d**2/2 + d. List the prime factors of h(b).
2, 7
Let n(b) = 2*b - 3. Let v(o) = -o + 2. Let y(k) = -4*n(k) - 6*v(k). Let f be y(6). List the prime factors of 1/(1 - f/(-13)).
13
Let i(d) = -6*d - 6. List the prime factors of i(-8).
2, 3, 7
List the prime factors of (0 + 246)/((-4)/(-6)*3).
3, 41
Let o = -23 + 25. Suppose 0 = o*n + 3*n - 130. What are the prime factors of n?
2, 13
Let h(t) be the third derivative of -t**6/120 - 7*t**5/60 - t**4/4 + 4*t**3/3 - t**2. Let x be h(-6). What are the prime factors of (4/(x/14))/1?
7
Suppose 0 = -6*o + o - 150. Let z = o - -43. What are the prime factors of z?
13
Suppose 0 - 12 = -4*r. Suppose 4 = -2*j, -2*h - r = 2*j - 27. List the prime factors of h.
2, 7
Let w be (5/(-3))/(2/(-6)). Let s = 6 - w. List the prime factors of 3*s/(-2)*-2.
3
Suppose 35 = d + 3*o, -19 = -4*d + 2*o + 149. What are the prime factors of d?
41
Let j(p) be the third derivative of 3*p**2 - 1/60*p**5 - p**3 + 0*p + 0 + 1/3*p**4. List the prime factors of j(4).
2, 5
Suppose 0 = -5*q - 0*q - 10. What are the prime factors of (12/(-7))/(q/7)?
2, 3
Suppos